{"id":871,"date":"2023-05-06T12:01:29","date_gmt":"2023-05-06T10:01:29","guid":{"rendered":"http:\/\/lehmann-ambiente.ch\/?post_type=kollektionen&#038;p=871"},"modified":"2024-03-13T14:24:33","modified_gmt":"2024-03-13T13:24:33","slug":"minotti-roger","status":"publish","type":"marke","link":"https:\/\/lehmann-ambiente.ch\/fr\/marke\/minotti\/minotti-roger\/","title":{"rendered":"Minotti Roger"},"content":{"rendered":"<p>La collection Minotti Roger, d\u00e9velopp\u00e9e par Rodolfo Dordoni en collaboration avec Minotti, combine un style personnalis\u00e9 et des combinaisons imaginatives dans un projet ouvert qui peut \u00eatre adapt\u00e9 individuellement aux besoins et pr\u00e9f\u00e9rences du client. Cette collection de si\u00e8ges \u00e9clectique et polyvalente offre un large choix de variantes, laissant libre cours \u00e0 la cr\u00e9ativit\u00e9 lors de la planification.<\/p>\n\n\n\n<p>Les contours doux, les coussins \u00e9l\u00e9gants et la fabrication artisanale de haute qualit\u00e9 sont des caract\u00e9ristiques ind\u00e9niables de la marque Minotti. La collection Roger se compose de trois \u00e9l\u00e9ments : Roger Suite, Roger Spring et Roger Spring Sof\u00e0, offrant tous diff\u00e9rentes profondeurs d'assise et options d'accoudoirs.<\/p>\n\n\n\n<p>Les \u00e9l\u00e9ments de la collection Roger peuvent \u00eatre con\u00e7us de mani\u00e8re flexible, avec des dossiers hauts et bas, diff\u00e9rents types d'accoudoirs et la possibilit\u00e9 de cr\u00e9er des espaces de rangement gr\u00e2ce \u00e0 des \u00e9l\u00e9ments de rangement. Ceux-ci peuvent \u00eatre positionn\u00e9s lat\u00e9ralement ou en saillie vers l'arri\u00e8re, permettant un nombre extraordinaire d'interpr\u00e9tations et de configurations, tant dans le domaine r\u00e9sidentiel que dans l'hospitalit\u00e9.<\/p>\n\n\n\n<p>La base en aluminium extrud\u00e9, laqu\u00e9e en couleur Black Coffee, forme la base des \u00e9l\u00e9ments de rembourrage et des \u00e9l\u00e9ments de rangement, disponibles en placage de fr\u00eane noir ouvert, en palissandre Santos Dark Brown, ou en laqu\u00e9 brillant dans les couleurs glace, cappuccino et moka. Les compartiments ouverts sont rev\u00eatus d'aluminium satin\u00e9 de couleur Brandy, et deux pieds en ski transversaux en aluminium laqu\u00e9 couleur Black Coffee rendent le point d'appui presque invisible et soul\u00e8vent les si\u00e8ges \u00e0 13 cm du sol, cr\u00e9ant un effet a\u00e9rien.<\/p>\n\n\n\n<p>Les surpiq\u00fbres graphiques et allong\u00e9es le long des dossiers, des \u00e9l\u00e9ments de si\u00e8ge fixes et des bancs conf\u00e8rent aux surfaces une grande douceur et une grande valeur. La collection Roger propose \u00e9galement des pi\u00e8ces sp\u00e9ciales dos \u00e0 dos, des chaises longues avec et sans \u00e9l\u00e9ment de rangement, ainsi que de nombreux bancs de diff\u00e9rentes tailles avec et sans rangement.<\/p>\n\n\n\n<p>D\u00e9couvrez la polyvalente collection Minotti Roger et faites l'exp\u00e9rience de si\u00e8ges personnalis\u00e9s qui s\u00e9duisent aussi bien dans le domaine r\u00e9sidentiel priv\u00e9 que dans le secteur de l'hospitalit\u00e9.<\/p>","protected":false},"featured_media":872,"parent":39,"menu_order":0,"template":"","class_list":["post-871","marke","type-marke","status-publish","has-post-thumbnail","hentry"],"acf":[],"_links":{"self":[{"href":"https:\/\/lehmann-ambiente.ch\/fr\/wp-json\/wp\/v2\/marke\/871","targetHints":{"allow":["GET"]}}],"collection":[{"href":"https:\/\/lehmann-ambiente.ch\/fr\/wp-json\/wp\/v2\/marke"}],"about":[{"href":"https:\/\/lehmann-ambiente.ch\/fr\/wp-json\/wp\/v2\/types\/marke"}],"up":[{"embeddable":true,"href":"https:\/\/lehmann-ambiente.ch\/fr\/wp-json\/wp\/v2\/marke\/39"}],"wp:featuredmedia":[{"embeddable":true,"href":"https:\/\/lehmann-ambiente.ch\/fr\/wp-json\/wp\/v2\/media\/872"}],"wp:attachment":[{"href":"https:\/\/lehmann-ambiente.ch\/fr\/wp-json\/wp\/v2\/media?parent=871"}],"curies":[{"name":"wp","href":"https:\/\/api.w.org\/{rel}","templated":true}]}}

<p>La collection Minotti Roger, développée par Rodolfo Dordoni en collaboration avec Minotti, combine un style personnalisé et des combinaisons imaginatives dans un projet ouvert qui peut être adapté individuellement aux besoins et préférences du client. Cette collection de sièges éclectique et polyvalente offre un large choix de variantes, laissant libre cours à la créativité lors de la planification.</p>



<p>Les contours doux, les coussins élégants et la fabrication artisanale de haute qualité sont des caractéristiques indéniables de la marque Minotti. La collection Roger se compose de trois éléments : Roger Suite, Roger Spring et Roger Spring Sofà, offrant tous différentes profondeurs d'assise et options d'accoudoirs.</p>



<p>Les éléments de la collection Roger peuvent être conçus de manière flexible, avec des dossiers hauts et bas, différents types d'accoudoirs et la possibilité de créer des espaces de rangement grâce à des éléments de rangement. Ceux-ci peuvent être positionnés latéralement ou en saillie vers l'arrière, permettant un nombre extraordinaire d'interprétations et de configurations, tant dans le domaine résidentiel que dans l'hospitalité.</p>



<p>La base en aluminium extrudé, laquée en couleur Black Coffee, forme la base des éléments de rembourrage et des éléments de rangement, disponibles en placage de frêne noir ouvert, en palissandre Santos Dark Brown, ou en laqué brillant dans les couleurs glace, cappuccino et moka. Les compartiments ouverts sont revêtus d'aluminium satiné de couleur Brandy, et deux pieds en ski transversaux en aluminium laqué couleur Black Coffee rendent le point d'appui presque invisible et soulèvent les sièges à 13 cm du sol, créant un effet aérien.</p>



<p>Les surpiqûres graphiques et allongées le long des dossiers, des éléments de siège fixes et des bancs confèrent aux surfaces une grande douceur et une grande valeur. La collection Roger propose également des pièces spéciales dos à dos, des chaises longues avec et sans élément de rangement, ainsi que de nombreux bancs de différentes tailles avec et sans rangement.</p>



<p>Découvrez la polyvalente collection Minotti Roger et faites l'expérience de sièges personnalisés qui séduisent aussi bien dans le domaine résidentiel privé que dans le secteur de l'hospitalité.</p>
