{"id":10207,"date":"2024-12-18T16:31:08","date_gmt":"2024-12-18T15:31:08","guid":{"rendered":"https:\/\/lehmann-ambiente.ch\/events\/naturbaum-zum-aufhaengen\/"},"modified":"2024-12-30T11:56:05","modified_gmt":"2024-12-30T10:56:05","slug":"arbre-naturel-a-suspendre","status":"publish","type":"mec-events","link":"https:\/\/lehmann-ambiente.ch\/fr\/events\/naturbaum-zum-aufhaengen\/","title":{"rendered":"Arbre naturel \u00e0 suspendre"},"content":{"rendered":"<p>Tu as toujours voulu cr\u00e9er toi-m\u00eame ton arbre naturel \u00e0 suspendre ? Alors ce cours est fait pour toi. Gr\u00e2ce aux instructions de Nicole von Stielecht, tu deviendras un professionnel en un rien de temps. Nous nous r\u00e9jouissons de ta participation.<\/p>\n<p><strong>Conditions :<\/strong> Veuillez emporter une pince coupante et une pince plate. Le cours peut \u00eatre organis\u00e9 avec un minimum de 3 personnes et un maximum de 6 personnes. L'\u00e2ge minimum est de 12 ans.<\/p>\n<p><strong>Assurance:<\/strong>est l'affaire des participants<\/p>\n<p><strong>Restauration :\u00a0<\/strong>petit ap\u00e9ritif inclus<\/p>\n<p><strong>Connaissances pr\u00e9alables :<\/strong>\u00a0aucune n\u00e9cessaire<\/p>\n<p><strong>Paiement :<\/strong> sur place \/\/ Twint, Bar ou Sumup<\/p>\n<p><strong>Langue:\u00a0<\/strong>Allemand<\/p>","protected":false},"excerpt":{"rendered":"<p>Du wolltest schon immer deinen Naturbaum zum Aufh\u00e4ngen selbst gestalten? Dann ist dieser Kurs wie geschaffen f\u00fcr dich. Durch die Anleitung von Nicole von Stielecht wirst du im Nu zum Profi. Wir freuen uns auf deine Teilnahme. Bedingungen: Seitenschneider und Flachzange bitte mitnehmen. Der Kurs kann mit minimal 3 Personen, maximal 6 Personen durchgef\u00fchrt werden. [&hellip;]<\/p>\n","protected":false},"author":6,"featured_media":10206,"comment_status":"closed","ping_status":"closed","template":"","tags":[],"mec_category":[],"class_list":["post-10207","mec-events","type-mec-events","status-publish","has-post-thumbnail","hentry"],"acf":[],"_links":{"self":[{"href":"https:\/\/lehmann-ambiente.ch\/fr\/wp-json\/wp\/v2\/mec-events\/10207","targetHints":{"allow":["GET"]}}],"collection":[{"href":"https:\/\/lehmann-ambiente.ch\/fr\/wp-json\/wp\/v2\/mec-events"}],"about":[{"href":"https:\/\/lehmann-ambiente.ch\/fr\/wp-json\/wp\/v2\/types\/mec-events"}],"author":[{"embeddable":true,"href":"https:\/\/lehmann-ambiente.ch\/fr\/wp-json\/wp\/v2\/users\/6"}],"replies":[{"embeddable":true,"href":"https:\/\/lehmann-ambiente.ch\/fr\/wp-json\/wp\/v2\/comments?post=10207"}],"wp:featuredmedia":[{"embeddable":true,"href":"https:\/\/lehmann-ambiente.ch\/fr\/wp-json\/wp\/v2\/media\/10206"}],"wp:attachment":[{"href":"https:\/\/lehmann-ambiente.ch\/fr\/wp-json\/wp\/v2\/media?parent=10207"}],"wp:term":[{"taxonomy":"post_tag","embeddable":true,"href":"https:\/\/lehmann-ambiente.ch\/fr\/wp-json\/wp\/v2\/tags?post=10207"},{"taxonomy":"mec_category","embeddable":true,"href":"https:\/\/lehmann-ambiente.ch\/fr\/wp-json\/wp\/v2\/mec_category?post=10207"}],"curies":[{"name":"wp","href":"https:\/\/api.w.org\/{rel}","templated":true}]}}

Arbre naturel à suspendre

<p>Tu as toujours voulu créer toi-même ton arbre naturel à suspendre ? Alors ce cours est fait pour toi. Grâce aux instructions de Nicole von Stielecht, tu deviendras un professionnel en un rien de temps. Nous nous réjouissons de ta participation.</p>
<p><strong>Conditions :</strong> Veuillez emporter une pince coupante et une pince plate. Le cours peut être organisé avec un minimum de 3 personnes et un maximum de 6 personnes. L'âge minimum est de 12 ans.</p>
<p><strong>Assurance:</strong>est l'affaire des participants</p>
<p><strong>Restauration : </strong>petit apéritif inclus</p>
<p><strong>Connaissances préalables :</strong> aucune nécessaire</p>
<p><strong>Paiement :</strong> sur place // Twint, Bar ou Sumup</p>
<p><strong>Langue: </strong>Allemand</p>

<p>Du wolltest schon immer deinen Naturbaum zum Aufhängen selbst gestalten? Dann ist dieser Kurs wie geschaffen für dich. Durch die Anleitung von Nicole von Stielecht wirst du im Nu zum Profi. Wir freuen uns auf deine Teilnahme. Bedingungen: Seitenschneider und Flachzange bitte mitnehmen. Der Kurs kann mit minimal 3 Personen, maximal 6 Personen durchgeführt werden. [&hellip;]</p>
