{"id":9797,"date":"2024-09-27T13:43:30","date_gmt":"2024-09-27T11:43:30","guid":{"rendered":"https:\/\/lehmann-ambiente.ch\/?post_type=mec-events&#038;p=9797"},"modified":"2024-09-27T13:45:55","modified_gmt":"2024-09-27T11:45:55","slug":"cours-sur-le-pain-2","status":"publish","type":"mec-events","link":"https:\/\/lehmann-ambiente.ch\/fr\/events\/brot-kurs-543\/","title":{"rendered":"Cours de pain"},"content":{"rendered":"<p>Tu veux faire du bon pain comme le ferait un boulanger ? Ce cours t'en offre l'occasion parfaite. Tu y apprendras \u00e0 fabriquer diff\u00e9rentes p\u00e2tes \u00e0 pain et \u00e0 tenir compte de tous les \u00e9l\u00e9ments n\u00e9cessaires pour bien p\u00e9trir la p\u00e2te. Nous fa\u00e7onnerons diff\u00e9rents pains et apprendrons diverses possibilit\u00e9s d'incision. Je te donnerai bien s\u00fbr des conseils et des astuces pour la cuisson.<\/p>\n<p><strong>Conditions :<\/strong> Le cours peut \u00eatre organis\u00e9 avec un minimum de 3 personnes et un maximum de 6 personnes. L'\u00e2ge minimum est de 12 ans.<\/p>\n<p><strong>Assurance:<\/strong>est l'affaire des participants<\/p>\n<p><strong>Restauration : <\/strong>Boissons et snacks inclus<\/p>\n<p><strong>Connaissances pr\u00e9alables :<\/strong> aucune n\u00e9cessaire<\/p>\n<p><strong>Paiement :<\/strong> sur place \/\/ Twint ou bar<\/p>\n<p><strong>Langue:\u00a0<\/strong>Allemand<\/p>","protected":false},"excerpt":{"rendered":"<p>Willst du leckeres Brot backen wie vom B\u00e4cker? Dann bietet dir dieser Kurs die perfekte Gelegenheit dazu. Hier lernst du das Herstellen von diversen Brotteigen und was alles ber\u00fccksichtigt werden muss f\u00fcr das richtige Kneten des Teiges. Wir formen verschiedene Brote und lernen diverse M\u00f6glichkeiten zum Einschneiden kennen. Tipps und Tricks zum Backen werde ich [&hellip;]<\/p>\n","protected":false},"author":7,"featured_media":7126,"comment_status":"open","ping_status":"open","template":"","tags":[],"mec_category":[98],"class_list":["post-9797","mec-events","type-mec-events","status-publish","has-post-thumbnail","hentry","mec_category-backen"],"acf":[],"_links":{"self":[{"href":"https:\/\/lehmann-ambiente.ch\/fr\/wp-json\/wp\/v2\/mec-events\/9797","targetHints":{"allow":["GET"]}}],"collection":[{"href":"https:\/\/lehmann-ambiente.ch\/fr\/wp-json\/wp\/v2\/mec-events"}],"about":[{"href":"https:\/\/lehmann-ambiente.ch\/fr\/wp-json\/wp\/v2\/types\/mec-events"}],"author":[{"embeddable":true,"href":"https:\/\/lehmann-ambiente.ch\/fr\/wp-json\/wp\/v2\/users\/7"}],"replies":[{"embeddable":true,"href":"https:\/\/lehmann-ambiente.ch\/fr\/wp-json\/wp\/v2\/comments?post=9797"}],"wp:featuredmedia":[{"embeddable":true,"href":"https:\/\/lehmann-ambiente.ch\/fr\/wp-json\/wp\/v2\/media\/7126"}],"wp:attachment":[{"href":"https:\/\/lehmann-ambiente.ch\/fr\/wp-json\/wp\/v2\/media?parent=9797"}],"wp:term":[{"taxonomy":"post_tag","embeddable":true,"href":"https:\/\/lehmann-ambiente.ch\/fr\/wp-json\/wp\/v2\/tags?post=9797"},{"taxonomy":"mec_category","embeddable":true,"href":"https:\/\/lehmann-ambiente.ch\/fr\/wp-json\/wp\/v2\/mec_category?post=9797"}],"curies":[{"name":"wp","href":"https:\/\/api.w.org\/{rel}","templated":true}]}}

<p>Tu veux faire du bon pain comme le ferait un boulanger ? Ce cours t'en offre l'occasion parfaite. Tu y apprendras à fabriquer différentes pâtes à pain et à tenir compte de tous les éléments nécessaires pour bien pétrir la pâte. Nous façonnerons différents pains et apprendrons diverses possibilités d'incision. Je te donnerai bien sûr des conseils et des astuces pour la cuisson.</p>
<p><strong>Conditions :</strong> Le cours peut être organisé avec un minimum de 3 personnes et un maximum de 6 personnes. L'âge minimum est de 12 ans.</p>
<p><strong>Assurance:</strong>est l'affaire des participants</p>
<p><strong>Restauration : </strong>Boissons et snacks inclus</p>
<p><strong>Connaissances préalables :</strong> aucune nécessaire</p>
<p><strong>Paiement :</strong> sur place // Twint ou bar</p>
<p><strong>Langue: </strong>Allemand</p>

<p>Willst du leckeres Brot backen wie vom Bäcker? Dann bietet dir dieser Kurs die perfekte Gelegenheit dazu. Hier lernst du das Herstellen von diversen Brotteigen und was alles berücksichtigt werden muss für das richtige Kneten des Teiges. Wir formen verschiedene Brote und lernen diverse Möglichkeiten zum Einschneiden kennen. Tipps und Tricks zum Backen werde ich [&hellip;]</p>
