{"id":798,"date":"2023-05-03T22:59:35","date_gmt":"2023-05-03T20:59:35","guid":{"rendered":"http:\/\/lehmann-ambiente.ch\/?page_id=798"},"modified":"2024-07-30T11:00:29","modified_gmt":"2024-07-30T09:00:29","slug":"mentions-legales","status":"publish","type":"page","link":"https:\/\/lehmann-ambiente.ch\/fr\/impressum\/","title":{"rendered":"Impressum"},"content":{"rendered":"<div data-elementor-type=\"wp-page\" data-elementor-id=\"798\" class=\"elementor elementor-798\" data-elementor-post-type=\"page\">\n\t\t\t\t<div class=\"elementor-element elementor-element-aa57b61 e-flex e-con-boxed e-con e-parent\" data-id=\"aa57b61\" data-element_type=\"container\" data-e-type=\"container\" data-settings=\"{&quot;background_background&quot;:&quot;classic&quot;,&quot;jet_parallax_layout_list&quot;:[]}\">\n\t\t\t\t\t<div class=\"e-con-inner\">\n\t\t\t\t<div class=\"elementor-element elementor-element-5d2b251 elementor-widget elementor-widget-heading\" data-id=\"5d2b251\" data-element_type=\"widget\" data-e-type=\"widget\" data-widget_type=\"heading.default\">\n\t\t\t\t\t<h1 class=\"elementor-heading-title elementor-size-default\">Impressum<\/h1>\t\t\t\t<\/div>\n\t\t\t\t\t<\/div>\n\t\t\t\t<\/div>\n\t\t<div class=\"elementor-element elementor-element-288be92f e-flex e-con-boxed e-con e-parent\" data-id=\"288be92f\" data-element_type=\"container\" data-e-type=\"container\" data-settings=\"{&quot;jet_parallax_layout_list&quot;:[]}\">\n\t\t\t\t\t<div class=\"e-con-inner\">\n\t\t\t\t<div class=\"elementor-element elementor-element-7f61636d elementor-widget elementor-widget-text-editor\" data-id=\"7f61636d\" data-element_type=\"widget\" data-e-type=\"widget\" data-widget_type=\"text-editor.default\">\n\t\t\t\t\t\t\t\t\t\n<p>Lehmann Ambiente SA<br>Birchstrasse 2 <br>3186 D\u00fcdingen<br>Suisse<\/p>\n\n\n\n<p>T\u00e9l\u00e9phone: +41 26 493 36 36<br>Courrier \u00e9lectronique : <a href=\"mailto:info@lehmann-ambiente.ch\">info@lehmann-ambiente.ch<\/a><\/p>\n\n\n\n<p><\/p>\n\n\n\n<p>Registre du commerce : <br>Inscrit au registre du commerce du canton de Fribourg. <br>IDE : <a href=\"https:\/\/www.uid.admin.ch\/Detail.aspx?uid_id=CHE192788980\" target=\"_blank\" rel=\"noreferrer noopener\">CHE-192.788.980<\/a> <\/p>\n\n\n\n<p><\/p>\n\n\n\n<p>Droits d'auteur et avertissement de responsabilit\u00e9 : Le contenu de ce site web est prot\u00e9g\u00e9 par des droits d'auteur et ne peut \u00eatre reproduit ou publi\u00e9 sans l'autorisation \u00e9crite de l'auteur. Les contenus publi\u00e9s sur ce site web sont soigneusement v\u00e9rifi\u00e9s, mais aucune garantie ne peut \u00eatre donn\u00e9e quant \u00e0 l'exactitude, l'exhaustivit\u00e9 et l'actualit\u00e9 des informations fournies.<\/p>\n\n\n\n<p>Avertissement de responsabilit\u00e9 : Les exploitants des sites web li\u00e9s sont seuls responsables de leur contenu. Malgr\u00e9 un contr\u00f4le minutieux du contenu, nous d\u00e9clinons toute responsabilit\u00e9 quant au contenu des liens externes. Seuls les exploitants des sites li\u00e9s sont responsables de leur contenu.<\/p>\n\n\n\n<p>Protection des donn\u00e9es : Nous prenons la protection de vos donn\u00e9es tr\u00e8s au s\u00e9rieux. Des informations sur la gestion des donn\u00e9es \u00e0 caract\u00e8re personnel sont disponibles dans notre \u00abProtection des donn\u00e9es\u00bb<\/p>\n\n\n\n<p>Cr\u00e9dits photo : Les images utilis\u00e9es sur ce site web sont fournies par Lehmann Ambiente AG ou par nos partenaires dans le cadre de notre collaboration.<\/p>\n\n\n\n<p>Date : Mai 2023<\/p>\n\t\t\t\t\t\t\t\t<\/div>\n\t\t\t\t\t<\/div>\n\t\t\t\t<\/div>\n\t\t\t\t<\/div>","protected":false},"excerpt":{"rendered":"<p>Lehmann Ambiente AGBirchstrasse 2 3186 D\u00fcdingenSchweiz Telefon: +41 26 493 36 36E-Mail: info@lehmann-ambiente.ch Handelsregistereintrag: Eingetragen im Handelsregister des Kantons Freiburg. UID: CHE-192.788.980 Urheberrecht und Haftungshinweis: Die Inhalte dieser Website unterliegen dem Urheberrecht und d\u00fcrfen ohne schriftliche Genehmigung des Urhebers nicht vervielf\u00e4ltigt oder ver\u00f6ffentlicht werden. Die auf dieser Website ver\u00f6ffentlichten Inhalte werden sorgf\u00e4ltig gepr\u00fcft, dennoch kann [&hellip;]<\/p>\n","protected":false},"author":56,"featured_media":0,"parent":0,"menu_order":0,"comment_status":"closed","ping_status":"closed","template":"","meta":{"_acf_changed":false,"footnotes":""},"class_list":["post-798","page","type-page","status-publish","hentry"],"acf":[],"_links":{"self":[{"href":"https:\/\/lehmann-ambiente.ch\/fr\/wp-json\/wp\/v2\/pages\/798","targetHints":{"allow":["GET"]}}],"collection":[{"href":"https:\/\/lehmann-ambiente.ch\/fr\/wp-json\/wp\/v2\/pages"}],"about":[{"href":"https:\/\/lehmann-ambiente.ch\/fr\/wp-json\/wp\/v2\/types\/page"}],"author":[{"embeddable":true,"href":"https:\/\/lehmann-ambiente.ch\/fr\/wp-json\/wp\/v2\/users\/56"}],"replies":[{"embeddable":true,"href":"https:\/\/lehmann-ambiente.ch\/fr\/wp-json\/wp\/v2\/comments?post=798"}],"version-history":[{"count":0,"href":"https:\/\/lehmann-ambiente.ch\/fr\/wp-json\/wp\/v2\/pages\/798\/revisions"}],"wp:attachment":[{"href":"https:\/\/lehmann-ambiente.ch\/fr\/wp-json\/wp\/v2\/media?parent=798"}],"curies":[{"name":"wp","href":"https:\/\/api.w.org\/{rel}","templated":true}]}}

<div data-elementor-type="wp-page" data-elementor-id="798" class="elementor elementor-798" data-elementor-post-type="page">
				<div class="elementor-element elementor-element-aa57b61 e-flex e-con-boxed e-con e-parent" data-id="aa57b61" data-element_type="container" data-e-type="container" data-settings="{&quot;background_background&quot;:&quot;classic&quot;,&quot;jet_parallax_layout_list&quot;:[]}">
					<div class="e-con-inner">
				<div class="elementor-element elementor-element-5d2b251 elementor-widget elementor-widget-heading" data-id="5d2b251" data-element_type="widget" data-e-type="widget" data-widget_type="heading.default">
					<h1 class="elementor-heading-title elementor-size-default">Impressum</h1>				</div>
					</div>
				</div>
		<div class="elementor-element elementor-element-288be92f e-flex e-con-boxed e-con e-parent" data-id="288be92f" data-element_type="container" data-e-type="container" data-settings="{&quot;jet_parallax_layout_list&quot;:[]}">
					<div class="e-con-inner">
				<div class="elementor-element elementor-element-7f61636d elementor-widget elementor-widget-text-editor" data-id="7f61636d" data-element_type="widget" data-e-type="widget" data-widget_type="text-editor.default">
									
<p>Lehmann Ambiente SA<br>Birchstrasse 2 <br>3186 Düdingen<br>Suisse</p>



<p>Téléphone: +41 26 493 36 36<br>Courrier électronique : <a href="mailto:info@lehmann-ambiente.ch">info@lehmann-ambiente.ch</a></p>



<p></p>



<p>Registre du commerce : <br>Inscrit au registre du commerce du canton de Fribourg. <br>IDE : <a href="https://www.uid.admin.ch/Detail.aspx?uid_id=CHE192788980" target="_blank" rel="noreferrer noopener">CHE-192.788.980</a> </p>



<p></p>



<p>Droits d'auteur et avertissement de responsabilité : Le contenu de ce site web est protégé par des droits d'auteur et ne peut être reproduit ou publié sans l'autorisation écrite de l'auteur. Les contenus publiés sur ce site web sont soigneusement vérifiés, mais aucune garantie ne peut être donnée quant à l'exactitude, l'exhaustivité et l'actualité des informations fournies.</p>



<p>Avertissement de responsabilité : Les exploitants des sites web liés sont seuls responsables de leur contenu. Malgré un contrôle minutieux du contenu, nous déclinons toute responsabilité quant au contenu des liens externes. Seuls les exploitants des sites liés sont responsables de leur contenu.</p>



<p>Protection des données : Nous prenons la protection de vos données très au sérieux. Des informations sur la gestion des données à caractère personnel sont disponibles dans notre «Protection des données»</p>



<p>Crédits photo : Les images utilisées sur ce site web sont fournies par Lehmann Ambiente AG ou par nos partenaires dans le cadre de notre collaboration.</p>



<p>Date : Mai 2023</p>
								</div>
					</div>
				</div>
				</div>

<p>Lehmann Ambiente AGBirchstrasse 2 3186 DüdingenSchweiz Telefon: +41 26 493 36 36E-Mail: info@lehmann-ambiente.ch Handelsregistereintrag: Eingetragen im Handelsregister des Kantons Freiburg. UID: CHE-192.788.980 Urheberrecht und Haftungshinweis: Die Inhalte dieser Website unterliegen dem Urheberrecht und dürfen ohne schriftliche Genehmigung des Urhebers nicht vervielfältigt oder veröffentlicht werden. Die auf dieser Website veröffentlichten Inhalte werden sorgfältig geprüft, dennoch kann [&hellip;]</p>
