{"id":10713,"date":"2025-02-08T13:59:05","date_gmt":"2025-02-08T12:59:05","guid":{"rendered":"https:\/\/lehmann-ambiente.ch\/?post_type=product&#038;p=10713"},"modified":"2026-02-25T14:17:23","modified_gmt":"2026-02-25T13:17:23","slug":"vico-lazy-fauteuil","status":"publish","type":"product","link":"https:\/\/lehmann-ambiente.ch\/fr\/produkt\/vico-lazy-sessel\/","title":{"rendered":"VICO LAZY Fauteuil"},"content":{"rendered":"<p>en tissu Tiko <br>pi\u00e8tement ch\u00eane noir teint\u00e9 carbone<\/p>\n\n\n\n<p>59 x 81 cm <\/p>\n\n\n\n<p>hauteur d'assise 45 cm<\/p>\n\n\n\n<p>\u00c9tat : pi\u00e8ce d'exposition<\/p>\n\n\n\n<p><\/p>","protected":false},"excerpt":{"rendered":"<p>in Stoff Tiko Gestell Eiche schwarz carbon gebeizt 59 x 81 cm Sitzh\u00f6he 45 cm Zustand: Austellungsst\u00fcck<\/p>","protected":false},"featured_media":10714,"template":"","meta":{"_acf_changed":false},"product_brand":[],"product_cat":[52,137,138],"product_tag":[],"material":[],"class_list":{"0":"post-10713","1":"product","2":"type-product","3":"status-publish","4":"has-post-thumbnail","6":"product_cat-sale","7":"product_cat-ausstellungsstueck","8":"product_cat-sofas-sessel","10":"first","11":"instock","12":"sale","13":"taxable","14":"shipping-taxable","15":"purchasable","16":"product-type-simple"},"acf":[],"_links":{"self":[{"href":"https:\/\/lehmann-ambiente.ch\/fr\/wp-json\/wp\/v2\/product\/10713","targetHints":{"allow":["GET"]}}],"collection":[{"href":"https:\/\/lehmann-ambiente.ch\/fr\/wp-json\/wp\/v2\/product"}],"about":[{"href":"https:\/\/lehmann-ambiente.ch\/fr\/wp-json\/wp\/v2\/types\/product"}],"wp:featuredmedia":[{"embeddable":true,"href":"https:\/\/lehmann-ambiente.ch\/fr\/wp-json\/wp\/v2\/media\/10714"}],"wp:attachment":[{"href":"https:\/\/lehmann-ambiente.ch\/fr\/wp-json\/wp\/v2\/media?parent=10713"}],"wp:term":[{"taxonomy":"product_brand","embeddable":true,"href":"https:\/\/lehmann-ambiente.ch\/fr\/wp-json\/wp\/v2\/product_brand?post=10713"},{"taxonomy":"product_cat","embeddable":true,"href":"https:\/\/lehmann-ambiente.ch\/fr\/wp-json\/wp\/v2\/product_cat?post=10713"},{"taxonomy":"product_tag","embeddable":true,"href":"https:\/\/lehmann-ambiente.ch\/fr\/wp-json\/wp\/v2\/product_tag?post=10713"},{"taxonomy":"material","embeddable":true,"href":"https:\/\/lehmann-ambiente.ch\/fr\/wp-json\/wp\/v2\/material?post=10713"}],"curies":[{"name":"wp","href":"https:\/\/api.w.org\/{rel}","templated":true}]}}

<p>en tissu Tiko <br>piètement chêne noir teinté carbone</p>



<p>59 x 81 cm </p>



<p>hauteur d'assise 45 cm</p>



<p>État : pièce d'exposition</p>



<p></p>

<p>in Stoff Tiko Gestell Eiche schwarz carbon gebeizt 59 x 81 cm Sitzhöhe 45 cm Zustand: Austellungsstück</p>
