{"id":1088,"date":"2023-05-31T23:26:32","date_gmt":"2023-05-31T21:26:32","guid":{"rendered":"https:\/\/lehmann-ambiente.ch\/product\/filo-stehleuchten\/"},"modified":"2026-03-02T11:24:08","modified_gmt":"2026-03-02T10:24:08","slug":"lampadaires-filo","status":"publish","type":"product","link":"https:\/\/lehmann-ambiente.ch\/fr\/produkt\/filo-stehleuchten\/","title":{"rendered":"FILO Lampes sur pied"},"content":{"rendered":"<p>Porcelaine, verre souffl\u00e9 \u00e0 la bouche,<br \/>\nC\u00e2ble textile et m\u00e9tal laqu\u00e9<br \/>\nAm\u00e9thyste Reine<br \/>\nblanc \/ c\u00e2ble noir<br \/>\nLED retrofit incluse<br \/>\n4W G9 3000 K, 400 lm CRI&gt;80<\/p>","protected":false},"excerpt":{"rendered":"<p>Porcelaine, verre souffl\u00e9, c\u00e2ble textile et m\u00e9tal laqu\u00e9 Amethyst Queen blanc \/ c\u00e2ble noir LED retrofit incluse 4W G9 3000 K, 400 lm CRI&gt;80<\/p>","protected":false},"featured_media":1191,"template":"","meta":{"_acf_changed":false},"product_brand":[],"product_cat":[79,137,52],"product_tag":[],"material":[],"class_list":{"0":"post-1088","1":"product","2":"type-product","3":"status-publish","4":"has-post-thumbnail","6":"product_cat-leuchten","7":"product_cat-ausstellungsstueck","8":"product_cat-sale","10":"first","11":"instock","12":"sale","13":"taxable","14":"shipping-taxable","15":"purchasable","16":"product-type-simple"},"acf":[],"_links":{"self":[{"href":"https:\/\/lehmann-ambiente.ch\/fr\/wp-json\/wp\/v2\/product\/1088","targetHints":{"allow":["GET"]}}],"collection":[{"href":"https:\/\/lehmann-ambiente.ch\/fr\/wp-json\/wp\/v2\/product"}],"about":[{"href":"https:\/\/lehmann-ambiente.ch\/fr\/wp-json\/wp\/v2\/types\/product"}],"wp:featuredmedia":[{"embeddable":true,"href":"https:\/\/lehmann-ambiente.ch\/fr\/wp-json\/wp\/v2\/media\/1191"}],"wp:attachment":[{"href":"https:\/\/lehmann-ambiente.ch\/fr\/wp-json\/wp\/v2\/media?parent=1088"}],"wp:term":[{"taxonomy":"product_brand","embeddable":true,"href":"https:\/\/lehmann-ambiente.ch\/fr\/wp-json\/wp\/v2\/product_brand?post=1088"},{"taxonomy":"product_cat","embeddable":true,"href":"https:\/\/lehmann-ambiente.ch\/fr\/wp-json\/wp\/v2\/product_cat?post=1088"},{"taxonomy":"product_tag","embeddable":true,"href":"https:\/\/lehmann-ambiente.ch\/fr\/wp-json\/wp\/v2\/product_tag?post=1088"},{"taxonomy":"material","embeddable":true,"href":"https:\/\/lehmann-ambiente.ch\/fr\/wp-json\/wp\/v2\/material?post=1088"}],"curies":[{"name":"wp","href":"https:\/\/api.w.org\/{rel}","templated":true}]}}

<p>Porcelaine, verre soufflé à la bouche,<br />
Câble textile et métal laqué<br />
Améthyste Reine<br />
blanc / câble noir<br />
LED retrofit incluse<br />
4W G9 3000 K, 400 lm CRI&gt;80</p>

<p>Porcelaine, verre soufflé, câble textile et métal laqué Amethyst Queen blanc / câble noir LED retrofit incluse 4W G9 3000 K, 400 lm CRI&gt;80</p>
