{"id":11416,"date":"2025-09-18T17:45:03","date_gmt":"2025-09-18T15:45:03","guid":{"rendered":"https:\/\/lehmann-ambiente.ch\/?post_type=product&#038;p=11416"},"modified":"2026-02-25T12:03:47","modified_gmt":"2026-02-25T11:03:47","slug":"bureau-de-croissance-moll-avec-chaise-pivotante-container-et-lampe-de-table","status":"publish","type":"product","link":"https:\/\/lehmann-ambiente.ch\/fr\/produkt\/moll-mitwachsschreibtisch-mit-container-drehstuhl-und-tischleuchte\/","title":{"rendered":"Bureau d'enfant MOLL avec caisson, chaise pivotante et lampe de table"},"content":{"rendered":"<p>Disponible uniquement en kit<\/p>\n\n\n\n<p>Bureau :<\/p>\n\n\n\n<p>avec plateau inclinable<br>avec serre-livres pliable<br>barri\u00e8re magn\u00e9tique anti-glissement avec r\u00e8gle\/loupe<br>Crochet de sac<\/p>\n\n\n\n<p>Couleurs blanc et rouge<\/p>\n\n\n\n<p>L120 x P72 x H53-82<\/p>\n\n\n\n<p>Fauteuil pivotant :<\/p>\n\n\n\n<p>rembourrage interchangeable de l'assise et du dossier<br>Rembourrage lavable<br>pied extra-large \u00e0 5 branches avec roulettes frein\u00e9es<br>peut supporter jusqu'\u00e0 80 kg<\/p>\n\n\n\n<p>Couleur rouge<\/p>\n\n\n\n<p>L68 x P68 x H28 - 54 cm<\/p>\n\n\n\n<p>Conteneur :<\/p>\n\n\n\n<p>avec 3 tiroirs<br>sur roulettes<\/p>\n\n\n\n<p>Couleur blanche<\/p>\n\n\n\n<p>L43 x P54 x H42 cm<\/p>\n\n\n\n<p>Lampe de table :<\/p>\n\n\n\n<p>couleur alu<br>dimmable, avec changement de couleur et fonction veilleuse<br>station de chargement USB int\u00e9gr\u00e9e<\/p>\n\n\n\n<p>\u00e9tat: pi\u00e8ce d'exposition<\/p>","protected":false},"excerpt":{"rendered":"<p>Nur im Set erh\u00e4ltlich Schreibtisch: mit schr\u00e4gstellbarer Tischplatteinkl. Buchst\u00fctze faltbarmagnetische Abrutschsperre mit Lineal\/LupeTaschenhaken Farben weiss und rot B120 x T72 x H53-82 Drehstuhl: austauschbare Sitz- und R\u00fcckenpolsterPolster waschbar5-armiges extrabreites Fusskreuz mit gebremsten Rollenbelastbar bis 80 kg Farbe rot B68 x T68 x H28 &#8211; 54 cm Container: mit 3 Schubladenauf Rollen Farbe weiss B43 x [&hellip;]<\/p>\n","protected":false},"featured_media":11417,"template":"","meta":{"_acf_changed":false},"product_brand":[],"product_cat":[52,137,301],"product_tag":[],"material":[],"class_list":{"0":"post-11416","1":"product","2":"type-product","3":"status-publish","4":"has-post-thumbnail","6":"product_cat-sale","7":"product_cat-ausstellungsstueck","8":"product_cat-bueromoebel","10":"first","11":"instock","12":"sale","13":"taxable","14":"shipping-taxable","15":"purchasable","16":"product-type-simple"},"acf":[],"_links":{"self":[{"href":"https:\/\/lehmann-ambiente.ch\/fr\/wp-json\/wp\/v2\/product\/11416","targetHints":{"allow":["GET"]}}],"collection":[{"href":"https:\/\/lehmann-ambiente.ch\/fr\/wp-json\/wp\/v2\/product"}],"about":[{"href":"https:\/\/lehmann-ambiente.ch\/fr\/wp-json\/wp\/v2\/types\/product"}],"wp:featuredmedia":[{"embeddable":true,"href":"https:\/\/lehmann-ambiente.ch\/fr\/wp-json\/wp\/v2\/media\/11417"}],"wp:attachment":[{"href":"https:\/\/lehmann-ambiente.ch\/fr\/wp-json\/wp\/v2\/media?parent=11416"}],"wp:term":[{"taxonomy":"product_brand","embeddable":true,"href":"https:\/\/lehmann-ambiente.ch\/fr\/wp-json\/wp\/v2\/product_brand?post=11416"},{"taxonomy":"product_cat","embeddable":true,"href":"https:\/\/lehmann-ambiente.ch\/fr\/wp-json\/wp\/v2\/product_cat?post=11416"},{"taxonomy":"product_tag","embeddable":true,"href":"https:\/\/lehmann-ambiente.ch\/fr\/wp-json\/wp\/v2\/product_tag?post=11416"},{"taxonomy":"material","embeddable":true,"href":"https:\/\/lehmann-ambiente.ch\/fr\/wp-json\/wp\/v2\/material?post=11416"}],"curies":[{"name":"wp","href":"https:\/\/api.w.org\/{rel}","templated":true}]}}

<p>Disponible uniquement en kit</p>



<p>Bureau :</p>



<p>avec plateau inclinable<br>avec serre-livres pliable<br>barrière magnétique anti-glissement avec règle/loupe<br>Crochet de sac</p>



<p>Couleurs blanc et rouge</p>



<p>L120 x P72 x H53-82</p>



<p>Fauteuil pivotant :</p>



<p>rembourrage interchangeable de l'assise et du dossier<br>Rembourrage lavable<br>pied extra-large à 5 branches avec roulettes freinées<br>peut supporter jusqu'à 80 kg</p>



<p>Couleur rouge</p>



<p>L68 x P68 x H28 - 54 cm</p>



<p>Conteneur :</p>



<p>avec 3 tiroirs<br>sur roulettes</p>



<p>Couleur blanche</p>



<p>L43 x P54 x H42 cm</p>



<p>Lampe de table :</p>



<p>couleur alu<br>dimmable, avec changement de couleur et fonction veilleuse<br>station de chargement USB intégrée</p>



<p>état: pièce d'exposition</p>

<p>Nur im Set erhältlich Schreibtisch: mit schrägstellbarer Tischplatteinkl. Buchstütze faltbarmagnetische Abrutschsperre mit Lineal/LupeTaschenhaken Farben weiss und rot B120 x T72 x H53-82 Drehstuhl: austauschbare Sitz- und RückenpolsterPolster waschbar5-armiges extrabreites Fusskreuz mit gebremsten Rollenbelastbar bis 80 kg Farbe rot B68 x T68 x H28 &#8211; 54 cm Container: mit 3 Schubladenauf Rollen Farbe weiss B43 x [&hellip;]</p>
