{"id":13690,"date":"2026-08-07T14:01:39","date_gmt":"2026-08-07T12:01:39","guid":{"rendered":"https:\/\/lehmann-ambiente.ch\/?post_type=product&#038;p=13690"},"modified":"2026-08-07T14:15:31","modified_gmt":"2026-08-07T12:15:31","slug":"at_05-table-basse","status":"publish","type":"product","link":"https:\/\/lehmann-ambiente.ch\/fr\/produkt\/at_05-couchtisch\/","title":{"rendered":"at_05 Table basse"},"content":{"rendered":"<p class=\"wp-block-paragraph\">Acier lamin\u00e9 anthracite, laqu\u00e9 incolore<br>avec compartiment inf\u00e9rieur<\/p>\n\n\n\n<p class=\"wp-block-paragraph\">80 x 80 x H40 cm<\/p>\n\n\n\n<p class=\"wp-block-paragraph\">\u00e9tat: pi\u00e8ce d'exposition<\/p>","protected":false},"excerpt":{"rendered":"<p>Walzstahl anthrazit, farblos lackiertmit Bodenfach 80 x 80 x H40cm Zustand: Ausstellungsst\u00fcck<\/p>","protected":false},"featured_media":13691,"template":"","meta":{"_acf_changed":false},"product_brand":[],"product_cat":[144],"product_tag":[],"material":[],"class_list":["post-13690","product","type-product","status-publish","has-post-thumbnail","product_cat-tische-stuehle","first","instock","sale","taxable","shipping-taxable","purchasable","product-type-simple"],"acf":[],"_links":{"self":[{"href":"https:\/\/lehmann-ambiente.ch\/fr\/wp-json\/wp\/v2\/product\/13690","targetHints":{"allow":["GET"]}}],"collection":[{"href":"https:\/\/lehmann-ambiente.ch\/fr\/wp-json\/wp\/v2\/product"}],"about":[{"href":"https:\/\/lehmann-ambiente.ch\/fr\/wp-json\/wp\/v2\/types\/product"}],"wp:featuredmedia":[{"embeddable":true,"href":"https:\/\/lehmann-ambiente.ch\/fr\/wp-json\/wp\/v2\/media\/13691"}],"wp:attachment":[{"href":"https:\/\/lehmann-ambiente.ch\/fr\/wp-json\/wp\/v2\/media?parent=13690"}],"wp:term":[{"taxonomy":"product_brand","embeddable":true,"href":"https:\/\/lehmann-ambiente.ch\/fr\/wp-json\/wp\/v2\/product_brand?post=13690"},{"taxonomy":"product_cat","embeddable":true,"href":"https:\/\/lehmann-ambiente.ch\/fr\/wp-json\/wp\/v2\/product_cat?post=13690"},{"taxonomy":"product_tag","embeddable":true,"href":"https:\/\/lehmann-ambiente.ch\/fr\/wp-json\/wp\/v2\/product_tag?post=13690"},{"taxonomy":"material","embeddable":true,"href":"https:\/\/lehmann-ambiente.ch\/fr\/wp-json\/wp\/v2\/material?post=13690"}],"curies":[{"name":"wp","href":"https:\/\/api.w.org\/{rel}","templated":true}]}}

<p class="wp-block-paragraph">Acier laminé anthracite, laqué incolore<br>avec compartiment inférieur</p>



<p class="wp-block-paragraph">80 x 80 x H40 cm</p>



<p class="wp-block-paragraph">état: pièce d'exposition</p>

<p>Walzstahl anthrazit, farblos lackiertmit Bodenfach 80 x 80 x H40cm Zustand: Ausstellungsstück</p>
