{"id":13856,"date":"2026-09-02T14:36:19","date_gmt":"2026-09-02T12:36:19","guid":{"rendered":"https:\/\/lehmann-ambiente.ch\/?post_type=product&#038;p=13856"},"modified":"2026-09-02T15:06:06","modified_gmt":"2026-09-02T13:06:06","slug":"chaise-feel","status":"publish","type":"product","link":"https:\/\/lehmann-ambiente.ch\/fr\/produkt\/feel-stuhl\/","title":{"rendered":"Chaise FEEL"},"content":{"rendered":"<p class=\"wp-block-paragraph\">Chaise \u00e0 pi\u00e8tement luge sans accoudoirs<br>en cuir noir<br>Structure en chrome mat<br>L 47 x H 89 cm x P 55 cm<br>1 article disponible<br>\u00e9tat: pi\u00e8ce d'exposition<\/p>","protected":false},"excerpt":{"rendered":"<p>Freischwinger ohne Armlehnein Leder schwarzGestell in MattchromB47 x H89cm x T55 cm1 St\u00fcck verf\u00fcgbarZustand: Ausstellungsst\u00fcck<\/p>","protected":false},"featured_media":13857,"template":"","meta":{"_acf_changed":false},"product_brand":[],"product_cat":[144],"product_tag":[308],"material":[],"class_list":["post-13856","product","type-product","status-publish","has-post-thumbnail","product_cat-tische-stuehle","product_tag-kff-stuhl-leder","first","instock","sale","taxable","shipping-taxable","purchasable","product-type-simple"],"acf":[],"_links":{"self":[{"href":"https:\/\/lehmann-ambiente.ch\/fr\/wp-json\/wp\/v2\/product\/13856","targetHints":{"allow":["GET"]}}],"collection":[{"href":"https:\/\/lehmann-ambiente.ch\/fr\/wp-json\/wp\/v2\/product"}],"about":[{"href":"https:\/\/lehmann-ambiente.ch\/fr\/wp-json\/wp\/v2\/types\/product"}],"wp:featuredmedia":[{"embeddable":true,"href":"https:\/\/lehmann-ambiente.ch\/fr\/wp-json\/wp\/v2\/media\/13857"}],"wp:attachment":[{"href":"https:\/\/lehmann-ambiente.ch\/fr\/wp-json\/wp\/v2\/media?parent=13856"}],"wp:term":[{"taxonomy":"product_brand","embeddable":true,"href":"https:\/\/lehmann-ambiente.ch\/fr\/wp-json\/wp\/v2\/product_brand?post=13856"},{"taxonomy":"product_cat","embeddable":true,"href":"https:\/\/lehmann-ambiente.ch\/fr\/wp-json\/wp\/v2\/product_cat?post=13856"},{"taxonomy":"product_tag","embeddable":true,"href":"https:\/\/lehmann-ambiente.ch\/fr\/wp-json\/wp\/v2\/product_tag?post=13856"},{"taxonomy":"material","embeddable":true,"href":"https:\/\/lehmann-ambiente.ch\/fr\/wp-json\/wp\/v2\/material?post=13856"}],"curies":[{"name":"wp","href":"https:\/\/api.w.org\/{rel}","templated":true}]}}

<p class="wp-block-paragraph">Chaise à piètement luge sans accoudoirs<br>en cuir noir<br>Structure en chrome mat<br>L 47 x H 89 cm x P 55 cm<br>1 article disponible<br>état: pièce d'exposition</p>

<p>Freischwinger ohne Armlehnein Leder schwarzGestell in MattchromB47 x H89cm x T55 cm1 Stück verfügbarZustand: Ausstellungsstück</p>
