{"id":13872,"date":"2026-09-04T08:03:46","date_gmt":"2026-09-04T06:03:46","guid":{"rendered":"https:\/\/lehmann-ambiente.ch\/?post_type=product&#038;p=13872"},"modified":"2026-09-04T08:12:11","modified_gmt":"2026-09-04T06:12:11","slug":"matelas-supernova-luxe-i","status":"publish","type":"product","link":"https:\/\/lehmann-ambiente.ch\/fr\/produkt\/supernova-luxe-i-mattratze\/","title":{"rendered":"Matelas Supernova Luxe I"},"content":{"rendered":"<p class=\"wp-block-paragraph\">Der ergonomische Aufbau des Matratzenkerns nach dem ASL-Prinzip sorgt f\u00fcr eine harmonische K\u00f6rperlagerung und l\u00e4sst die Schultern und den R\u00fccken optimal entspannen. Die Matratze ist geeignet f\u00fcr R\u00fccken,- Bauch- und Seitenschl\u00e4fer. In der Luxe Ausf\u00fchrung ist die Klimatisation dank dem Climaborder noch zus\u00e4tzlich optimiert.<\/p>\n\n\n\n<p class=\"wp-block-paragraph\">90 x 200 x H26 cm<\/p>\n\n\n\n<p class=\"wp-block-paragraph\">Zustand: Ausstellungsst\u00fcck, alter Bezug<\/p>","protected":false},"excerpt":{"rendered":"<p>Der ergonomische Aufbau des Matratzenkerns nach dem ASL-Prinzip sorgt f\u00fcr eine harmonische K\u00f6rperlagerung und l\u00e4sst die Schultern und den R\u00fccken optimal entspannen. Die Matratze ist geeignet f\u00fcr R\u00fccken,- Bauch- und Seitenschl\u00e4fer. In der Luxe Ausf\u00fchrung ist die Klimatisation dank dem Climaborder noch zus\u00e4tzlich optimiert. 90 x 200 x H26 cm Zustand: Ausstellungsst\u00fcck, alter Bezug<\/p>","protected":false},"featured_media":13874,"template":"","meta":{"_acf_changed":false},"product_brand":[],"product_cat":[161],"product_tag":[320,319,318],"material":[],"class_list":["post-13872","product","type-product","status-publish","has-post-thumbnail","product_cat-schlafzimmer","product_tag-lehmann-ambiente","product_tag-riposa","product_tag-supernova-luxe","first","instock","sale","taxable","shipping-taxable","purchasable","product-type-simple"],"acf":[],"_links":{"self":[{"href":"https:\/\/lehmann-ambiente.ch\/fr\/wp-json\/wp\/v2\/product\/13872","targetHints":{"allow":["GET"]}}],"collection":[{"href":"https:\/\/lehmann-ambiente.ch\/fr\/wp-json\/wp\/v2\/product"}],"about":[{"href":"https:\/\/lehmann-ambiente.ch\/fr\/wp-json\/wp\/v2\/types\/product"}],"wp:featuredmedia":[{"embeddable":true,"href":"https:\/\/lehmann-ambiente.ch\/fr\/wp-json\/wp\/v2\/media\/13874"}],"wp:attachment":[{"href":"https:\/\/lehmann-ambiente.ch\/fr\/wp-json\/wp\/v2\/media?parent=13872"}],"wp:term":[{"taxonomy":"product_brand","embeddable":true,"href":"https:\/\/lehmann-ambiente.ch\/fr\/wp-json\/wp\/v2\/product_brand?post=13872"},{"taxonomy":"product_cat","embeddable":true,"href":"https:\/\/lehmann-ambiente.ch\/fr\/wp-json\/wp\/v2\/product_cat?post=13872"},{"taxonomy":"product_tag","embeddable":true,"href":"https:\/\/lehmann-ambiente.ch\/fr\/wp-json\/wp\/v2\/product_tag?post=13872"},{"taxonomy":"material","embeddable":true,"href":"https:\/\/lehmann-ambiente.ch\/fr\/wp-json\/wp\/v2\/material?post=13872"}],"curies":[{"name":"wp","href":"https:\/\/api.w.org\/{rel}","templated":true}]}}

<p class="wp-block-paragraph">Der ergonomische Aufbau des Matratzenkerns nach dem ASL-Prinzip sorgt für eine harmonische Körperlagerung und lässt die Schultern und den Rücken optimal entspannen. Die Matratze ist geeignet für Rücken,- Bauch- und Seitenschläfer. In der Luxe Ausführung ist die Klimatisation dank dem Climaborder noch zusätzlich optimiert.</p>



<p class="wp-block-paragraph">90 x 200 x H26 cm</p>



<p class="wp-block-paragraph">Zustand: Ausstellungsstück, alter Bezug</p>

<p>Der ergonomische Aufbau des Matratzenkerns nach dem ASL-Prinzip sorgt für eine harmonische Körperlagerung und lässt die Schultern und den Rücken optimal entspannen. Die Matratze ist geeignet für Rücken,- Bauch- und Seitenschläfer. In der Luxe Ausführung ist die Klimatisation dank dem Climaborder noch zusätzlich optimiert. 90 x 200 x H26 cm Zustand: Ausstellungsstück, alter Bezug</p>
